
What is the value of (145 - (103 - 55)) + -13 + 1 - 7?
78
(-2 - 0) + 106 + 9 + (-15 - (7 - 18))
109
What is the value of -6 + 1 - ((-93 - 1) + -6 + 17 + 7)?
71
Evaluate 3302 - 3345 - (-66 + -1).
24
Evaluate -19 - ((21 - (16 + 103)) + -1).
80
What is 2 + -3 - (-51 - -119 - 10)?
-59
(-65 - 2) + (21 - ((19 - 1) + -7))
-57
Calculate -70 + (18 - -21 - -115).
84
(19 - (-3 + 44)) + -21
-43
Calculate 138 - 214 - (-19 - 11).
-46
4 + -39 - (-573 + 570)
-32
-36 - (2 + (58 - 54))
-42
-30 - (-11 - 1) - (196 - 121)
-93
-2 + 2 + -1 + -69 + -8705 + 8712
-63
Evaluate -32 + 126 + -78 + 22.
38
Evaluate (-1 - -50 - (-1824 + 1868)) + (-5 - 1).
-1
What is the value of -1 + 1 + -37 + 402 + -406?
-41
What is -4 + -3 - ((12 - 12) + 22)?
-29
What is the value of (25 - -3) + 3 + -110 + 94?
15
112 - ((-9 - 1) + 47 + (9 - 41))
107
What is (-3 + 6 + -6 - 32) + (-18 - (2 + -14))?
-41
-14 + 18 + 46 - (-49 - -60)
39
Evaluate -1 - ((27 - (22 + -11)) + (7 - 1)).
-23
What is the value of -6 - (-33 + -25) - 57?
-5
What is the value of -18 + 15 + 3 + (-265 - -222)?
-43
What is 20 + (-18 - (-29 + -13)) + -78 - (-2 + 16)?
-48
(1 - -24) + -3 + 0 + (6 - -106) + -100
34
Evaluate (-7588 - -7652) + (2 + 3 - (-1 - 1)).
71
Calculate 17 + -43 + 46 + 1.
21
What is the value of (-2 + 4 - 92) + (453 - 470)?
-107
Calculate (1 - 15) + (10 - 23) + 26.
-1
What is the value of -25 + 55 + -44 + 0 + (5 - -34)?
25
What is the value of (-25 - -42) + (-49 - (-5 + 21 - 12))?
-36
What is the value of -23 - (70 - (80 + -26))?
-39
-7 + 5 + 29 + -56 - -52
23
What is the value of 48 - 0 - (-7097 - -7154)?
-9
Evaluate -10 - (-126 - (-62 + 19)).
73
What is -40 + 14 + 33 + (-9 - 2) - -4?
0
What is the value of (16 - -81) + -136 + 95?
56
What is 696 + -707 - (0 + -57)?
46
-1 + 16 - (-4 + 1 - (31 - 6))
43
Calculate (33 + -16 - 43) + 6 - -9.
-11
3 + 90 + (0 - 4) - (-89 + 99 + 2)
77
What is -49 + 49 + -13 + -13 - 9?
-35
What is (8 - (-11 + -4 + 12)) + (3 - 17) - -76?
73
What is the value of -5 - (42 - 44 - -38)?
-41
-18 + 25 + (9 - 24) + 14
6
13 + -53 + 6 + -26 + 12 + -11 + 4
-55
(-9 - -20 - (3 + 1)) + (1650 - 1659)
-2
(1 - -20) + (46 - -9 - 119)
-43
What is the value of -8 + -1 + -100 + (23 - 20) + -11 + 7?
-110
What is (-8 - (51 - 60)) + -45?
-44
(7 - 9 - (-1 + 16)) + 3084 + -3067
0
Calculate -49 - (-107 + 49 + 66).
-57
Calculate (9 + -2 - 19) + (0 + -10 - -6).
-16
(-8 - 2) + -89 + 31 + 42
-26
Calculate -9 - (-58 - (58 + -73)).
34
13 - (-2 - -3) - (-2643 - -2660)
-5
What is the value of -3 - (-26 + 10 - (8 - 16)) - 5?
0
Evaluate (-37 - (50 + -55)) + 17 + -2.
-17
(-5 - (3 - 1) - -2) + (304 - 244 - 71)
-16
(20 - -26 - 82) + 47
11
Evaluate 0 + (28 - -1 - (-933 - -1050)).
-88
Evaluate -1 - 0 - (-4 - (2 + -3)) - (-4595 - -4598).
-1
What is the value of (37 - 3) + (1187 - 1285)?
-64
What is 14 + -118 + 5 + -4 + 21 + -1?
-83
Evaluate -18 - (-50 + (25 - 0)) - (-4 - 1).
12
Calculate 20 + (38 - (-28 - -52)).
34
What is the value of 10 + -86 + 50 + 13 + 1 + 9?
-3
Evaluate 5 + (23 - (3 - 4)) + (-109 - -119).
39
Calculate 15 - 2 - (17 - (78 + (18 - (-7 + 16)))).
83
What is (4 + 2 - (2 - 6)) + (744 - 681)?
73
-5 + (0 - 6) - (203 - 226)
12
Calculate 5 - (1 + -12 + 8 + (0 - 2) + -36).
46
Evaluate 7 + (14 - (-3 - -2) - (13 - 15)).
24
What is -6 + 66 + -57 + 21?
24
What is (74 - 17) + -36 + (-13 - -1)?
9
Calculate (-7 - -2 - 27) + 31 + (-45 - -15).
-31
2 - ((10 - 15) + -11 + (-19 - -20) - -43)
-26
What is (-9 - 1) + 28 + 9 + -39?
-12
-28 - (-35 + 41 + -20) - -43
29
Calculate -24 + (4 - 1) - (3460 - 3615).
134
((-45 - -70) + -35 - (7 - -1)) + -15
-33
Evaluate 6 + 4 + (-5 - 51 - -10) - (2 - -3).
-41
What is the value of -1873 + 1856 + (32 - (-1 - 1))?
17
57 - 1 - (1 + 16 - ((4 - -13) + -8))
48
Evaluate (544 + -421 - (47 - 0)) + (-7 - (0 - -2)).
67
What is the value of 25 + (-8 - (9 - (-4 + 28))) - 7?
25
Evaluate 17 - (-24 + -32 + 105).
-32
What is the value of 38 - 32 - (5 - (-59 + 5 + -6))?
-59
16 - ((15 - 50) + 45) - 96
-90
51 - (-21 - 45 - -126)
-9
1 + -1 + (-1507 - -1545)
38
What is the value of 7 + -54 + (1 - 19 - (-27 + 1))?
-39
What is the value of 4 + -7 - (8 - -4) - (-10 - -6 - 1)?
-10
Calculate -10 + (2 - 17) + 10 + -5 + (0 - -33).
13
What is -93 + -6 - (244 - 262)?
-81
Evaluate 109 - (38 + 42 - -50).
-21
What is 3 - 84 - (-12 + 12 + -26)?
-55
What is the value of (4 + 64 - 34 - 33) + 71?
72
Evaluate 9 - (10 + (1 + -22 - (-2 - (3 + -1)))).
16
Evaluate 1 + -4 - ((391 - 188) + -141).
-65
What is 158 + -135 - (-4 - -42)?
-15
What is 18 + ((0 - 18) + 9 - (1 + -13))?
21
Evaluate -493 - -417 - (-1 + -91).
16
Calculate 99 + 6 + -7 - (-1 - -22 - (-314 - -337)).
100
Evaluate (-364 - -374) + (0 - (6 + -1 + 87)).
-82
What is the value of -1 - (-2 + -2) - (-5 - -20 - (-67 - -93))?
14
4811 + -4933 - (0 + -161)
39
What is -99 + -38 + (99 - 16)?
-54
Calculate -4839 + 4871 - (30 - 0).
2
Calculate -6 + 55 + (-38 - (-19 + 6) - -27).
51
Evaluate 2 - -27 - (129 - (334 - 144)).
90
9 - -7 - (-20 - (23 - 18))
41
What is the value of 67 + (-24 - (-22 - -48))?
17
Calculate 19 + (43 - 29 - (11 - -15)).
7
What is the value of -36 - (-77 + 64 + -2)?
-21
Evaluate 49 + -44 - 32 - 24.
-51
What is the value of -7 + -4 + -3 + (-5 - (-7 + -5 + 13))?
-20
What is 9 - (1 + -6 - (-9 - (6 + -16)))?
15
(-4 - (-35 - -38)) + 12 + (3 - 4)
4
What is 109 - (137 - 113) - 68?
17
Evaluate -7 + (-499 + 448 - (9 + 0 - 0)).
-67
56 + -25 + 0 + -33
-2
Calculate 10 + (180 - 178) - (-1 + 0 - -75).
-62
What is the value of -2249 + 2232 - (6 - 1 - (2 - -81))?
61
Evaluate -16 + 29 + -5 + -31 - -67.
44
What is 36 - 0 - (-39 + -243 - -213)?
105
What is the value of -13 + -22 + (6 - -10) - 28?
-47
Calculate 39 - (12 + (-12 - -12)) - -27.
54
What is 9670 - 9674 - (1 - 30)?
25
Evaluate 5367 + -5377 + 88 + 1.
79
Evaluate -54 + -97 + (-29 - -125).
-55
-2 + (14 - 1) + -4 + 23 + -6
24
What is -364 + 369 - (-12 - -11 - (45 + 0))?
51
What is -2 + -4 + (-40 - -46) + 25?
25
Evaluate 6 - 25 - (0 - -9) - (-50 - -32).
-10
What is the value of (-3 - -38 - 14) + -38 - 61?
-78
Calculate -23 + -1 - (-110 - -78 - -31).
-23
Calculate -62 - ((-18 - -43) + -57).
-30
Evaluate -43 - ((5 - 12) + -7 + 13 - 9).
-33
What is (70 - (3 + 0 - (-132 + 126))) + 19?
80
6 - (-2 + 2) - (71 - (81 - -7))
23
Evaluate 2 + 0 - (90 + 2 + (443 - 426)).
-107
Calculate (238 - 174) + -56 + -13.
-5
What is (33 + -8 - -7) + -4 + (6 - (-19 + 22))?
31
Evaluate 103 - 33 - (16 - (15 + -7) - (2 + -9)).
55
What is the value of (6 - -1 - (240 + -220)) + (2 - 13)?
-24
Calculate 0 + 23 + (2 - (-11 + (9 - (13 + -18)))).
22
What is 21 + (14 - 36) - (45 - (-27 + 22))?
-51
-3577 + 3406 + (76 - -5)
-90
Calculate 58 + (94 - 59) - 53.
40
What is the value of 15 - ((-15 - -3) + (-22 - (42 - 4)))?
87
What is the value of -44 + 33 + 11 + 7 + (-16 - 0)?
-9
Calculate 1 + 4 + (-1033 - -1019).
-9
What is 0 - -1 - -3 - ((2 - 20) + (293 - 198))?
-73
Calculate -68 + -14 - -63 - (0 + 80).
-99
Calculate 17 + -9 + (-32 - 2).
-26
Evaluate 43 - (-15 + 2 + 17 + -33).
72
(-151 - -69) + (-13 - (1 + -8)) + -3
-91
Evaluate (1 - -4) + 10 + -3 + 21 + -4 + -3.
26
What is the value of -10 + -1 + (1 + -11 + 667 + -679 - -36)?
3
Calculate (82 - 74) + (4 - (6 + 49 + -5)).
-38
Evaluate 82 + 1 - -32 - 40.
75
What is (95 + 0 - 43) + -61 - ((1 - 0) + -40)?
30
What is -42 + -44 + 22 + 99?
35
(-2 - 4 - (10 - 62)) + -220 + 218
44
Calculate -87 - ((8 - 14) + -18 + 5 + 2).
-70
Evaluate -15 + 2 + 15 - 120 - -1 - (-6 + 8).
-119
What is the value of -61 - (20 + -16 + -18)?
-47
Calculate -18 + 4 + 4 - -26 - 9 - -12.
19
8 + 4 - (293 - 207 - (7 - (0 + 29)))
-96
Calculate -12 - 22 - (22 + -22 - 9).
-25
Calculate -664 + 726 + (4 - 106).
-40
Calculate 17 + (-36 - (182 + -107)).
-94
-36 - (-78 + 55) - -36
23
What is the value of -26 + (4 - (7 - (-15 + 9))) + -6?
-41
-27 + (137 - (-131 + 281))
-40
Evaluate -48 - (-1 - -20) - -36.
-31
Calculate -1 + -19 + -22 + -9.
-51
What is the value of -2 + 12 - (36 + -3 - 7)?
-16
What is (36 - (-38 - -78)) + 59 + -8?
47
Calculate -11 + 28 + 26 + -12 + -15 - -13.
29
Calculate -103 + -4 + -2 + 11 - (5 - (4 - 4)).
-103
What is 44 - (-81 + -2 + (-249 - -289))?
87
Evaluate -26 + (-3 - -4) + (-77 + 63 - -28) + -3.
-14
Calculate (-19 - -6) + 15 + (7 - (28 - 4)).
-15
Evaluate 38 - (44 - 50 - (-1 + 0 - (41 - 28))).
30
58 - (-1 - -24) - (-33 - -25)
43
161 + -